-a - 3. Determine n(9).
-12
Let z(g) = -g**2 + 6*g + 1. Determine z(6).
1
Let j(q) = 4*q - 14. Determine j(13).
38
Let x(y) = y**2 + 18*y + 29. Give x(-17).
12
Let i(o) = 6*o**3 + o**2 - 2*o - 2. What is i(-1)?
-5
Let o(h) = -h**3 + 6*h**2 + 8*h - 22. Give o(3).
29
Let y(c) = -5*c - 1. Determine y(-3).
14
Let a(q) = -q**2 - q - 1. Give a(-4).
-13
Let s(b) = -b**2 + 12*b + 4. Determine s(11).
15
Let s(b) = -b**3 + 4*b**2 + b - 1. Give s(4).
3
Let h(z) = z**2 - 17*z + 26. Calculate h(16).
10
Let l(o) = o**2 - 15*o + 8. Give l(15).
8
Let f(c) = c**3 + 9*c**2 - 10*c - 8. What is f(-10)?
-8
Let n(v) = -v**3 - 8*v**2 - 10*v - 12. What is n(-7)?
9
Let c(y) = y**3 - 34*y**2 - 8*y + 274. Calculate c(34).
2
Let a(w) = -w**2 + 13*w + 5. Determine a(8).
45
Let j(g) = -g**3 - 12*g**2 + 9*g - 15. Give j(-13).
37
Let d(n) = -4*n - 14. Give d(-3).
-2
Let m(h) = -h**2 - 7*h - 11. What is m(-3)?
1
Let b(p) = 8*p - 56. What is b(11)?
32
Let c(d) = -d**3 - 2*d**2 + 2*d. Determine c(-2).
-4
Let g(y) = 18*y + 32. Calculate g(10).
212
Let d(x) = -2*x**2 + 4*x + 10. Give d(5).
-20
Let g(y) = -y - 5. Give g(5).
-10
Let f(p) = 9*p**2 - 7*p - 1. Give f(-3).
101
Let l(f) = -f**3 - 23*f**2 - 21*f + 16. Calculate l(-22).
-6
Let o(n) = n**2 - 40*n + 176. Calculate o(35).
1
Let n(o) = o**3 + 2*o**2 + o + 2. Determine n(-3).
-10
Let c(i) = -185*i - 1663. Determine c(-9).
2
Let m(z) = 33*z + 203. Give m(-6).
5
Let m(c) = -c**2 + 11*c + 16. Calculate m(15).
-44
Let x(v) = -16*v - 36. Determine x(-3).
12
Let s(a) = a**3 - 12*a**2 - 15*a - 8. What is s(13)?
-34
Let f(v) = v**2 - 32*v + 59. What is f(30)?
-1
Let d(c) = -c**3 + 7*c**2 + 11*c - 16. Determine d(7).
61
Let b(z) = z + 42. Calculate b(-38).
4
Let y(i) = -i - 10. Give y(-17).
7
Let o(h) = 10*h + 23. Give o(16).
183
Let p(g) = -g**3 - 15*g**2 - 35*g + 11. Calculate p(-12).
-1
Let w(v) = 4*v**3 + v + 1. Give w(-1).
-4
Let h(n) = n**3 + 12*n**2 - 16. Calculate h(-12).
-16
Let d(u) = u**2 + 2*u - 5. Calculate d(-6).
19
Let m(r) = 6*r + 37. Calculate m(-7).
-5
Let c(d) = -2*d - 14. Calculate c(0).
-14
Let y(n) = -3*n + 8. Calculate y(9).
-19
Let l(m) = -27*m**3 + 3*m**2 - 6*m + 4. Determine l(1).
-26
Let u(f) = -f**2 - 5*f + 12. Determine u(-7).
-2
Let r(s) = s**3 + 4*s**2 - 4*s + 7. Calculate r(-5).
2
Let q(s) = -s - 36. Determine q(-20).
-16
Let r(a) = -6*a**2 + 2*a. Determine r(-1).
-8
Let j(t) = t**2 + 4*t - 12. Determine j(-7).
9
Let v(w) = w**2 + w - 7. Calculate v(-5).
13
Let d(o) = -o - 15. What is d(-9)?
-6
Let v(j) = -3*j - 12. Calculate v(-10).
18
Let j(l) = -l - 16. Determine j(-3).
-13
Let s(r) = r**3 + 32*r**2 + 29*r - 55. Calculate s(-31).
7
Let p(s) = -4*s**2 - 14*s - 3. Calculate p(-4).
-11
Let n(j) = j**3 - 16*j**2 - 39*j + 40. Calculate n(18).
-14
Let c(y) = 2*y**2 - 9*y - 3. Determine c(5).
2
Let v(t) = t**3 + 6*t**2 + 4. Determine v(-6).
4
Let c(r) = 36*r**3 + 2*r**2 - 2*r - 3. Calculate c(-1).
-35
Let n(h) = -6*h + 170. Give n(26).
14
Let n(d) = -d**3 + 8*d**2 - 7*d + 4. Calculate n(6).
34
Let s(c) = -5*c**2 + 2*c + 1. What is s(-2)?
-23
Let x(y) = -50*y + 308. What is x(6)?
8
Let i(c) = -7*c + 11. Calculate i(8).
-45
Let q(a) = 6*a - 8. Determine q(7).
34
Let v(t) = t**3 - t**2 + 2*t. Determine v(-1).
-4
Let f(x) = 5*x + 2. What is f(0)?
2
Let t(r) = -r**3 - 4*r**2 - 2*r - 4. What is t(-4)?
4
Let r(d) = d**3 - 7*d**2 + 2*d + 7. What is r(7)?
21
Let u(y) = y**3 + 2*y**2 + 4. Determine u(-3).
-5
Let c(f) = f**3 - 5*f**2 + f + 4. Determine c(4).
-8
Let f(n) = 18*n - 93. Give f(5).
-3
Let b(t) = 2*t - 4. What is b(12)?
20
Let n(t) = -40*t**2 + 3. Give n(-1).
-37
Let m(f) = f**3 + f**2 - 6*f - 10. Give m(-2).
-2
Let q(p) = 2*p - 14. What is q(6)?
-2
Let c(h) = 2*h**2 + 8*h - 10. What is c(-7)?
32
Let m(g) = g**2 - 12*g + 6. Determine m(11).
-5
Let j(z) = 2*z**3 + 7*z**2 + 6*z + 7. What is j(-3)?
-2
Let r(y) = y**2 + 33*y + 74. Give r(-30).
-16
Let g(h) = -43*h - 3. Calculate g(1).
-46
Let o(r) = r**3 - 5*r**2 - 4*r - 2. Determine o(5).
-22
Let i(g) = g**2 - 6*g - 5. Give i(8).
11
Let m(j) = -j**3 - 38*j**2 + j + 29. What is m(-38)?
-9
Let g(z) = -2*z**3 + 3*z**2 - 2. Determine g(3).
-29
Let m(g) = g**2 - 9*g - 283. Calculate m(-13).
3
Let b(x) = x**3 + 16*x**2 + 2. Determine b(-16).
2
Let s(o) = o**3 + 2*o**2 + 5. Give s(-2).
5
Let a(b) = b**3 + 5*b**2 - 7*b - 1. Determine a(-7).
-50
Let u(t) = t**3 - 11*t**2 + 13*t - 3. What is u(10)?
27
Let o(a) = -a**2 - 4*a + 3. What is o(-5)?
-2
Let k(w) = 27*w - 76. Give k(4).
32
Let v(l) = -2*l**2 - 4*l + 8. Give v(-5).
-22
Let t(b) = 2*b**2 - 6*b + 3. Calculate t(10).
143
Let c(u) = -3*u**2 + 5*u - 9. Give c(2).
-11
Let y(u) = 2*u**2 - u - 4. Calculate y(-3).
17
Let q(s) = 3*s**2 + s + 1. Give q(-3).
25
Let i(y) = -y**2 - 11*y + 51. Determine i(3).
9
Let q(h) = -h**3 + 6*h**2 - 6*h - 8. Calculate q(3).
1
Let f(j) = 6*j + 3. What is f(-5)?
-27
Let z(p) = p**3 - 7*p**2 + 5*p - 5. What is z(6)?
-11
Let y(z) = z**2 - 12*z - 142. Determine y(19).
-9
Let o(s) = 3*s**2 - 11*s + 3. What is o(4)?
7
Let o(h) = h**3 - 12*h**2 - 5*h - 110. What is o(13)?
-6
Let y(h) = 18*h**2 + 3*h - 3. What is y(1)?
18
Let b(z) = -z**2 - 14*z + 8. Calculate b(-11).
41
Let d(j) = j**3 - 22*j**2 + 45*j - 92. Determine d(20).
8
Let t(s) = 17*s - 746. What is t(44)?
2
Let z(y) = -y**2 - 2*y + 4. Calculate z(-4).
-4
Let q(r) = -r**2 - 5*r - 9. Calculate q(-6).
-15
Let h(k) = k**3 - 11*k**2 + 19*k - 13. Calculate h(9).
-4
Let t(q) = -q**3 - 69*q**2 - 319*q + 61. Calculate t(-64).
-3
Let g(q) = 6*q + 17. What is g(12)?
89
Let l(d) = d**2 + 4*d + 10. Calculate l(-9).
55
Let k(g) = -g**2 + 4*g + 12. Give k(4).
12
Let v(g) = 2*g**2 - 6*g + 7. Determine v(7).
63
Let k(m) = -m**2 - 14*m + 14. Calculate k(-15).
-1
Let k(y) = -3*y + 18. Calculate k(5).
3
Let i(h) = h**3 + 13*h**2 - 28*h + 17. Give i(-15).
-13
Let t(f) = 26*f - 780. Give t(30).
0
Let p(g) = -g**2 + 13*g + 6. Give p(13).
6
Let d(x) = 2*x**3 - 11*x**2 - 4*x + 10. What is d(6)?
22
Let c(w) = -17*w + 13. Determine c(8).
-123
Let w(j) = 2*j**2 + 32*j - 6. What is w(-17)?
28
Let t(n) = n**3 + 16*n**2 + 12*n - 50. Determine t(-15).
-5
Let p(i) = 12*i - 5. Calculate p(-4).
-53
Let k(g) = -g**3 + 3*g**2 + 16*g + 1. Calculate k(-5).
121
Let v(t) = t**2 - 20*t - 1. Calculate v(21).
20
Let u(j) = -7*j + 38. What is u(10)?
-32
Let i(k) = -11*k - 7. Give i(-4).
37
Let d(j) = -j**3 - 5*j**2 - 4*j + 1. What is d(-3)?
-5
Let b(v) = -v**3 - 5*v**2 - 6*v - 7. Calculate b(-3).
-7
Let y(c) = 8*c - 78. Calculate y(20).
82
Let o(y) = 5*y**2 - y - 3. What is o(-1)?
3
Let r(k) = -3*k - 4. Determine r(4).
-16
Let n(s) = -s**2 + 4*s - 3. Calculate n(5).
-8
Let d(a) = 2*a**2 + 23*a + 3. Calculate d(-11).
-8
Let c(l) = -l**3 - 4*l**2 + 7*l - 13. What is c(-6)?
17
Let i(u) = -u**2 - 6*u - 14. Give i(-4).
-6
Let v(t) = -t**2 + 31*t - 32. Give v(30).
-2
Let f(l) = 2*l**2 + 35*l + 17. Give f(-17).
0
Let v(x) = x - 14. What is v(-12)?
-26
Let t(b) = -2*b**3 - 4*b**2 + b - 1. Calculate t(-3).
14
Let i(x) = -x**3 + 11*x**2 + 7*x + 59. What is i(12)?
-1
Let n(m) = m + 20. Determine n(-10).
10
Let m(i) = -i**3 + 11*i**2 - 20*i - 9. What is m(7)?
47
Let m(x) = 2*x**3 + 31*x**2 + 15*x + 7. Calculate m(-15).
7
Let u(p) = -p**3 + p**2 - 66. Calculate u(0).
-66
Let p(c) = -23*c + 40. What is p(2)?
-6
Let k(m) = m**2 + 14*m - 31. Determine k(3).
20
Let w(y) = y**2 - 15*y + 31. Calculate w(12).
-5
Let l(p) = 18*p + 200. Give l(-11).
2
Let h(o) = -o**3 - 9*o**2 - o + 30. Calculate h(-9).
39
Let y(s) = 22*s + 646. Give y(-30).
-14
Let k(h) = h**3 - 14*h**2 - 33*h + 30. Determine k(16).
14
Let c(v) = v**2 - 4*v - 1. Determine c(5).
4
Let c(u) = 12*u - 4. What is c(3)?
32
Let x(j) = 6*j + 49. Calculate x(-10).
-11
Let j(x) = -2*x + 9. Calculate j(10).
-11
Let g(q) = -3*q**2 + 2*q + 7. Calculate g(3).
-14
Let p(g) = -g - 2. What is p(-3)?
1
Let m(l) = 7*l - 70. Calculate m(14).
28
Let n(v) = -v**3 - 9*v**2 - 14*v - 7. Determine n(-7).
-7
Let s(p) = p**3 - 27*p**2 + p - 17. Determine s(27).
10
Let z(t) = 57*t - 488. Determine z(9).
25
Let y(k) = -50*k - 362. Determine y(-7).
-12
Let j(u) = -2*u + 43. Determine j(18).
7
Let k(z) = z**2 + 20*z + 72. Calculate k(-13).
-19
Let t(q) = 3*q + 38. Give t(-11).
5
Let d(u) = u**2 + 3*u - 15. Calculate d(3).
3
Let s(r) = -3*r**2 - r - 2. Calculate 